) to base 6.
50214331
What is -a309c0 (base 13) in base 11?
-216623a
5ad16a (base 15) to base 9
8155361
Convert 83a9e (base 16) to base 5.
114224134
What is -14403220 (base 5) in base 16?
-257d8
453877 (base 16) to base 4
101103201313
4558841 (base 11) to base 3
120000020111221
What is 14003311 (base 6) in base 4?
1302011323
Convert -147a28 (base 12) to base 9.
-575645
What is 1633c9d (base 15) in base 7?
253642645
-1010101011101110111101 (base 2) to base 11
-1643126
What is -11356265 (base 7) in base 10?
-1005821
410b7 (base 12) to base 4
110231023
What is -344401124 (base 5) in base 3?
-2221020021201
-2113011133 (base 4) to base 12
-25a167
Convert -102120120231 (base 4) to base 6.
-251135433
683034 (base 9) to base 3
202210001011
Convert -5363075 (base 11) to base 15.
-c64dd9
1112110000110 (base 3) to base 8
3071223
Convert -111230020 (base 4) to base 5.
-10320330
-2022121100101 (base 3) to base 10
-1232263
What is 6145ab (base 12) in base 4?
11303131103
-1933094 (base 15) to base 14
-2628bd1
-8f4ed (base 16) to base 2
-10001111010011101101
What is -150782 (base 10) in base 15?
-2ea22
-42a3482 (base 11) to base 12
-2646737
Convert 12210122012100 (base 3) to base 9.
5718170
What is ba99 (base 15) in base 14?
1058b
104a05 (base 14) to base 9
1028451
1024040 (base 7) to base 5
12430401
-36a02b (base 15) to base 2
-1001111110100101110010
What is 2522243 (base 8) in base 7?
5633356
What is -10100101111100110 (base 2) in base 16?
-14be6
1266633 (base 8) to base 12
151a4b
7370530 (base 8) to base 11
1120365
Convert -106838 (base 16) to base 13.
-2b8560
What is 102131131 (base 4) in base 11?
5189a
Convert 22011211012120 (base 3) to base 13.
b92482
What is -70f00 (base 16) in base 11?
-296609
What is -87258 (base 11) in base 5?
-13024000
573aa (base 13) to base 8
466157
What is -a3327 (base 14) in base 3?
-201222010010
152a (base 15) to base 3
20020011
What is -344141154 (base 6) in base 14?
-bb731c
-126790 (base 12) to base 2
-1001001101011011100
What is 10221121110020 (base 3) in base 8?
10002330
-1002540342 (base 6) to base 11
-5847921
Convert -2500012 (base 6) to base 2.
-100000010001101000
b1023b (base 12) to base 2
1010100001011001001111
Convert 1110011011010111100001 (base 2) to base 5.
1432011423
-20002212212 (base 3) to base 10
-120200
44433324 (base 5) to base 11
24698a
Convert 149095 (base 11) to base 5.
24403243
Convert -12101020 (base 4) to base 9.
-38184
What is 5b701 (base 13) in base 3?
22112200000
Convert 1112522 (base 8) to base 5.
34102440
What is 580650 (base 12) in base 10?
1410972
Convert 6666593 (base 11) to base 5.
10443122321
What is -3245340 (base 6) in base 8?
-474174
What is 8641980 (base 10) in base 13?
1a376c9
Convert -1233543 (base 6) to base 10.
-66951
Convert 8453 (base 11) to base 10.
11190
69126 (base 10) to base 6
1252010
Convert -1010001110001010 (base 2) to base 3.
-2010102121
195232 (base 15) to base 12
4b5218
What is 1212100000 (base 3) in base 16?
8f55
Convert -114222031 (base 5) to base 8.
-2034610
Convert 21233200112 (base 4) to base 14.
4a69dc
29272 (base 14) to base 10
102020
Convert 212221220 (base 5) to base 12.
373a32
What is -1139704 (base 11) in base 4?
-13211223311
What is 52021 (base 15) in base 12?
1064aa
What is 1131200422 (base 5) in base 4?
21322302300
Convert -80482 (base 10) to base 9.
-132354
What is -1d185 (base 16) in base 4?
-131012011
What is -32003132 (base 4) in base 3?
-2220222002
Convert -21405540 (base 6) to base 10.
-638916
Convert 208b5 (base 15) to base 7.
606635
-35801c (base 16) to base 8
-15300034
Convert -2c1592 (base 14) to base 3.
-2220021011021
Convert 2112222220200 (base 3) to base 11.
848374
Convert 701263 (base 11) to base 5.
242111444
What is -101111011010001011111110 (base 2) in base 10?
-12428030
What is 11010110010010000 (base 2) in base 13?
3ac25
-3b239 (base 12) to base 4
-103322031
What is -10335021 (base 7) in base 14?
-18da81
Convert 1a3d7 (base 14) to base 7.
365160
-328882 (base 13) to base 14
-22d987
Convert -5114360 (base 8) to base 12.
-551214
What is -16d4fc (base 16) in base 3?
-2211000120010
What is -659386 (base 12) in base 5?
-403102013
What is -36cc0c (base 15) in base 6?
-132133103
What is -3cccc3 (base 13) in base 16?
-16a96a
Convert -5907b6 (base 16) to base 5.
-2443202203
Convert -1b25a52 (base 12) to base 13.
-1272617
Convert -121715 (base 9) to base 3.
-10201210112
-677355 (base 8) to base 11
-147144
Convert 1061725 (base 8) to base 13.
a0c4b
Convert -350402010 (base 6) to base 14.
-c05c7c
45742504 (base 8) to base 16
97c544
12201112011 (base 3) to base 7
646264
Convert 38425 (base 9) to base 16.
6506
3136264 (base 7) to base 2
1011100100100010111
-7dad6 (base 15) to base 2
-1100001110100111101
What is -14268 (base 12) in base 9?
-42378
-29168 (base 11) to base 10
-41456
What is 100375 (base 12) in base 10?
249353
469807 (base 13) to base 10
1677670
242044244 (base 6) to base 16
45dc84
-155021015 (base 6) to base 4
-30221123003
What is -417172 (base 8) in base 16?
-21e7a
122123232 (base 4) to base 11
74388
-4424215 (base 7) to base 15
-ab33d
What is 1863b3 (base 12) in base 3?
210121220000
What is 10000001101011 (base 2) in base 10?
8299
Convert -21001221202 (base 3) to base 12.
-68685
110010111001001001 (base 2) to base 13
73b62
Convert 452053034 (base 6) to base 15.
ac5221
Convert 1c9c92b (base 13) to base 15.
c8eb4b
Convert -2232044 (base 7) to base 6.
-5533345
What is 165930 (base 10) in base 2?
101000100000101010
Convert -1ad933 (base 14) to base 12.
-3a32b5
-22212120201 (base 4) to base 16
-2a6621
Convert -10000010010010110110 (base 2) to base 10.
-533686
Convert -33032443 (base 5) to base 13.
-9c067
What is 1320 (base 5) in base 14?
110
What is 2012102111 (base 3) in base 7?
240205
What is -11101210020221 (base 3) in base 8?
-10726452
-551305 (base 8) to base 13
-662b0
What is -2122033312 (base 4) in base 7?
-5240656
2210201002202 (base 3) to base 5
340141100
What is 230302222021 (base 4) in base 2?
101100110010101010001001
Convert -122321312 (base 4) to base 10.
-110198
Convert 17b22c (base 15) to base 6.
40402223
Convert ec00 (base 15) to base 16.
c31e
-11203043 (base 5) to base 4
-120200232
What is -10211202100 (base 3) in base 5?
-4410021
-6396242 (base 10) to base 6
-345032122
What is 6311701 (base 8) in base 9?
3134312
Convert 64b8bc (base 13) to base 8.
11020274
Convert 13042303 (base 6) to base 11.
270868
What is -573392 (base 10) in base 12?
-2379a8
Convert -74c72 (base 13) to base 14.
-56b9a
Convert -57891 (base 12) to base 3.
-12221112201
-36441000 (base 7) to base 16
-31a5c2
What is 9532 (base 10) in base 13?
4453
Convert -183354 (base 12) to base 4.
-1212220300
What is -1322301 (base 6) in base 10?
-73117
Convert -212012222200202 (base 3) to base 4.
-233010330122
What is -322513 (base 8) in base 13?
-3a123
300321012 (base 5) to base 2
100100000101110101000
What is -24331145 (base 6) in base 8?
-2747551
Convert 110101000100011111 (base 2) to base 5.
23424000
What is 1008555 (base 10) in base 7?
11400252
Convert -112020 (base 6) to base 4.
-2110230
What is 3444134 (base 6) in base 2?
101011010000011010
Convert 3172427 (base 10) to base 12.
108ba8b
What is 11101001000100100111 (base 2) in base 4?
3221010213
Convert -101212110002 (base 3) to base 8.
-641643
Convert -4233432 (base 5) to base 9.
-117488
22024403 (base 5) to base 15
3b188
Convert -49805 (base 15) to base 7.
-1665125
Convert 2197b (base 15) to base 7.
623162
-2141313332 (base 5) to base 3
-22201111122222
What is 2256541 (base 8) in base 4?
2111311201
-17a308 (base 11) to base 9
-462241
Convert -88531 (base 14) to base 5.
-41032203
11001010111011 (base 2) to base 3
122211000
80628 (base 9) to base 12
26808
What is 20100102102102 (base 3) in base 6?
200152532
Convert -2200601 (base 7) to base 14.
-70171
334433111 (base 6) to base 13
1357c4b
Convert 1001000000001110000 (base 2) to base 15.
5c634
-11941b (base 12) to base 8
-1056027
What is -12260744 (base 8) in base 15?
-388876
What is -11215153 (base 7) in base 8?
-3570101
Convert -1103102013 (base 4) to base 16.
-53487
What is 10011011111011100110 (base 2) in base 7?
5300040
b79a (base 16) to base 4
23132122
Convert -236185 (base 9) to base 13.
-4ca12
What is -22230312 (base 4) in base 3?
-2020010100
33a6ab4 (bas